{"id":22,"date":"2018-12-21T20:12:57","date_gmt":"2018-12-21T20:12:57","guid":{"rendered":"https:\/\/erhard-lorenz.de\/deutschland\/?page_id=22"},"modified":"2026-01-14T17:35:15","modified_gmt":"2026-01-14T17:35:15","slug":"staatsgebiet","status":"publish","type":"page","link":"https:\/\/www.erhard-lorenz.de\/deutschland\/staatsgebiet\/","title":{"rendered":"Staatsgebiet"},"content":{"rendered":"<div class=\"pdfprnt-buttons pdfprnt-buttons-page pdfprnt-top-bottom-right\"><a href=\"https:\/\/www.erhard-lorenz.de\/deutschland\/wp-json\/wp\/v2\/pages\/22?print=pdf\" class=\"pdfprnt-button pdfprnt-button-pdf\" target=\"_blank\" ><\/a><a href=\"https:\/\/www.erhard-lorenz.de\/deutschland\/wp-json\/wp\/v2\/pages\/22?print=print\" class=\"pdfprnt-button pdfprnt-button-print\" target=\"_blank\" ><img decoding=\"async\" src=\"https:\/\/www.erhard-lorenz.de\/deutschland\/wp-content\/plugins\/pdf-print\/images\/print.png\" alt=\"image_print\" title=\"Inhalt drucken\" \/><\/a><\/div><p style=\"text-align: justify;\">Nach der <b>Drei-Elemente-Lehre<\/b> ist der Staat ein soziales Gebilde, dessen konstituierende Merkmale ein von Grenzen umgebenes Territorium (<a href=\"http:\/\/nationalstaat-deutschland.de\/einheit\/staatsgebiet\/\"><i>Staatsgebiet<\/i><\/a>), eine darauf als Kernbev\u00f6lkerung ans\u00e4\u00dfige Gruppe von Menschen (<a href=\"http:\/\/nationalstaat-deutschland.de\/einheit\/staatsvolk\/\"><i>Staatsvolk<\/i><\/a>) sowie eine auf diesem Gebiet herrschende <a href=\"http:\/\/nationalstaat-deutschland.de\/einheit\/staatsordnung\/\"><i>Staatsordnung<\/i><\/a> kennzeichnen.<\/p>\n<blockquote>\n<p style=\"text-align: justify;\">Das <b>Staatsgebiet<\/b> oder <b>Staatsterritorium<\/b> ist der territoriale Bereich, den der Staat dauerhaft und geordnet beherrscht und wo er \u00fcber eine f\u00fcr dieses Gebiet geltende Verwaltungs- und Rechtsordnung verf\u00fcgt, die unter anderem die Rechtm\u00e4\u00dfigkeit und damit die Legitimit\u00e4t der staatlichen Gewaltenordnung (<em>Legislative, Judikative, Exekutive<\/em>) f\u00fcr die in ihm lebenden Menschen (<em>Personen, B\u00fcrger, Personal<\/em>) herstellt. Dadurch wird in einem Rechtsstaat weitestgehend f\u00fcr Rechtssicherheit und Rechtsfrieden gesorgt.<\/p>\n<\/blockquote>\n<p style=\"text-align: justify;\"><span style=\"color: #800080;\"><strong>Nach diesem Ma\u00dfstab betrachten wir die Verfassung die f\u00fcr Deutschland im Deutschen Reich gilt und nachfolgend im Vergleich dazu das Grundgesetz f\u00fcr die BRD, die DDR-Verfassung und die Weimarer Verfassung.<\/strong><\/span><\/p>\n<hr \/>\n<p align=\"center\"><b><u><span style=\"color: #008000; font-size: 14pt;\">Das Bundesgebiet, festgeschrieben in der Verfassung des wahren Deutschen Reiches<\/span><br \/>\n<\/u><\/b><\/p>\n<p align=\"center\"><a href=\"https:\/\/www.verfassung-deutschland.de\/#Artikel1\"><b><span style=\"font-size: 14pt;\">Artikel 1<\/span><\/b><\/a><\/p>\n<p style=\"text-align: justify;\" align=\"center\"><span style=\"font-size: 14pt; color: #008000;\"><strong>Das Bundesgebiet besteht aus den Staaten Preu\u00dfen mit Lauenburg, Bayern, Sachsen, W\u00fcrttemberg, Baden, Hessen, Mecklenburg-Schwerin, Sachsen-Weimar, Mecklenburg-Strelitz, Oldenburg, Braunschweig, Sachsen-Meiningen, Sachsen-Altenburg, Sachsen-Koburg-Gotha, Anhalt, Schwarzburg-Rudolstadt, Schwarzburg-Sondershausen, Waldeck, Reu\u00df \u00e4lterer Linie, Reu\u00df j\u00fcngerer Linie, Schaumburg-Lippe, Lippe, L\u00fcbeck, Bremen und Hamburg.<\/strong><\/span><\/p>\n<hr \/>\n<p align=\"center\"><span style=\"color: #800000;\"><em><strong>Grundgesetz f\u00fcr die Bundesrepublik Deutschland<\/strong><\/em><\/span><\/p>\n<p align=\"center\"><span style=\"color: #800000;\"><em>bis zum 31.08.1990 gab es den Artikel 23 alte Fassung<br \/>\n<\/em><\/span><\/p>\n<p style=\"text-align: justify;\" align=\"center\"><span style=\"color: #800000;\"><em><strong>Artikel 23.<\/strong> Dieses Grundgesetz gilt zun\u00e4chst im Gebiete der L\u00e4nder Baden, Bayern, Bremen, Gro\u00df-Berlin, Hamburg, Hessen, Niedersachsen, Nordrhein-Westfalen, Rheinland-Pfalz, Schleswig-Holstein, W\u00fcrttemberg-Baden und W\u00fcrttemberg-Hohenzollern. In anderen Teilen Deutschlands ist es nach deren Beitritt in Kraft zu setzen.<\/em><\/span><\/p>\n<blockquote>\n<p style=\"text-align: justify;\" align=\"center\"><span style=\"color: #ff0000;\">Zusatzbemerkung: Es geht nur um L\u00e4nder und nicht um Freistaaten, Bundesstaaten oder Bundesglieder. Gro\u00df-Berlin ist der Begriff, welchen die Weimarer-Republik f\u00fcr die Nazis erschufen. Niedersachsen, Nordrhein-Westfalen, Rheinland-Pfalz, W\u00fcrttemberg-Baden gab es vorher noch nicht einmal als Land, Provinz oder Bezirk.<\/span><\/p>\n<\/blockquote>\n<p style=\"text-align: justify;\" align=\"center\"><span style=\"color: #800000;\"><strong>Durch Gesetz vom 21. Dezember 1992 wurde der Artikel mit folgendem Wortlaut eingef\u00fcgt:<\/strong> <em><br \/>\n&#8222;<strong>Art. 23. <\/strong>(1) Zur Verwirklichung eines vereinten Europas wirkt die Bundesrepublik Deutschland bei der Entwicklung der Europ\u00e4ischen Union mit, die demokratischen, rechtsstaatlichen, sozialen und f\u00f6derativen Grunds\u00e4tzen und dem Grundsatz der Subsidiarit\u00e4t verpflichtet ist und einen diesem Grundgesetz im wesentlichen vergleichbaren Grundrechtsschutz gew\u00e4hrleistet. Der Bund kann hierzu durch Gesetz mit Zustimmung des Bundesrates Hoheitsrechte \u00fcbertragen. F\u00fcr die Begr\u00fcndung der Europ\u00e4ischen Union sowie f\u00fcr \u00c4nderungen ihrer vertraglichen Grundlagen und vergleichbare Regelungen, durch die dieses Grundgesetz seinem Inhalt nach ge\u00e4ndert oder erg\u00e4nzt wird oder solche \u00c4nderungen oder Erg\u00e4nzungen erm\u00f6glicht werden, gilt Artikel 79 Abs. 2 und 3.<br \/>\n(2) In Angelegenheiten der Europ\u00e4ischen Union wirken der Bundestag und durch den Bundesrat die L\u00e4nder mit. Die Bundesregierung hat den Bundestag und den Bundesrat umfassend und zum fr\u00fchestm\u00f6glichen Zeitpunkt zu unterrichten.<br \/>\n(3) Die Bundesregierung gibt dem Bundestag Gelegenheit zur Stellungnahme vor ihrer Mitwirkung an Rechtsetzungsakten der Europ\u00e4ischen Union. Die Bundesregierung ber\u00fccksichtigt die Stellungnahmen des Bundestages bei den Verhandlungen. Das N\u00e4here regelt ein Gesetz.<br \/>\n(4) Der Bundesrat ist an der Willensbildung des Bundes zu beteiligen, soweit er an einer entsprechenden innerstaatlichen Ma\u00dfnahme mitzuwirken h\u00e4tte oder soweit die L\u00e4nder innerstaatlich zust\u00e4ndig w\u00e4ren.<br \/>\n(5) Soweit in einem Bereich ausschlie\u00dflicher Zust\u00e4ndigkeiten des Bundes Interessen der L\u00e4nder ber\u00fchrt sind oder soweit im \u00fcbrigen der Bund das Recht zur Gesetzgebung hat, ber\u00fccksichtigt die Bundesregierung die Stellungnahme des Bundesrates. Wenn im Schwerpunkt Gesetzgebungsbefugnisse der L\u00e4nder, die Einrichtung ihrer Beh\u00f6rden oder ihre Verwaltungsverfahren betroffen sind, ist bei der Willensbildung des Bundes insoweit die Auffassung des Bundesrates ma\u00dfgeblich zu ber\u00fccksichtigen; dabei ist die gesamtstaatliche Verantwortung des Bundes zu wahren. In Angelegenheiten, die zu Ausgabenerh\u00f6hungen oder Einnahmeminderungen f\u00fcr den Bund f\u00fchren k\u00f6nnen, ist die Zustimmung der Bundesregierung erforderlich.<br \/>\n(6) Wenn im Schwerpunkt ausschlie\u00dfliche Gesetzgebungsbefugnisse der L\u00e4nder betroffen sind, soll die Wahrnehmung der Rechte, die der Bundesrepublik Deutschland als Mitgliedsstaat der Europ\u00e4ischen Union zustehen, vom Bund auf einen vom Bundesrat benannten Vertreter der L\u00e4nder \u00fcbertragen werden. Die Wahrnehmung der Rechte erfolgt unter Beteiligung und in Abstimmung mit der Bundesregierung; dabei ist die gesamtstaatliche Verantwortung des Bundes zu wahren.<br \/>\n(7) Das N\u00e4here zu den Abs\u00e4tzen 4 bis 6 regelt ein Gesetz, das der Zustimmung des Bundesrates bedarf.&#8220;<br \/>\nDurch Gesetz vom 28. August 2006 erhielt der Art. 23 Abs. 6 Satz 1 mit Wirkung vom 1. September 2006 folgende Fassung:<br \/>\n&#8222;Wenn im Schwerpunkt ausschlie\u00dfliche Gesetzgebungsbefugnisse der L\u00e4nder auf den Gebieten der schulischen Bildung, der Kultur oder des Rundfunks betroffen sind, wird die Wahrnehmung der Rechte, die der Bundesrepublik Deutschland als Mitgliedstaat der Europ\u00e4ischen Union zustehen, vom Bund auf einen vom Bundesrat benannten Vertreter der L\u00e4nder \u00fcbertragen.&#8220;<\/em><\/span><\/p>\n<blockquote>\n<p style=\"text-align: justify;\" align=\"center\"><span style=\"color: #ff0000;\">Zusatzbemerkung: Seit dem 21. Dezember 1992 ist die BRD eindeutig nur noch das Wirtschaftsgebiet der EU. Jeder Kritiker der BRD, der das Grundgesetz als seine Rechtsgrundlage verwendet, legitimiert die EU und aktiviert automatisch das Versailler Diktat, da Artikel 139 GG noch immer in Kraft ist. Folgernd daraus ist zu verstehen, da\u00df jeder Deutsche keinerlei Recht auf Recht, auf Eigentum und auf Heimat hat. Dies wird unmi\u00dfverst\u00e4ndlich damit best\u00e4tigt, da\u00df jeder Einwohner in dem Vereinigten Wirtschaftsgebiet einen Personalausweis im Besitz haben mu\u00df.<\/span><\/p>\n<\/blockquote>\n<hr \/>\n<p align=\"center\"><strong>\u00a0<span style=\"color: #ff00ff;\">Verfassung der Deutschen Demokratischen Republik<\/span><\/strong><br \/>\n<span style=\"color: #ff00ff;\">vom 7. Oktober 1949<\/span><\/p>\n<p style=\"text-align: justify;\" align=\"center\"><span style=\"color: #ff00ff;\"><em><strong>Art. 1.<\/strong> Deutschland ist eine unteilbare demokratische Republik; sie baut sich auf den deutschen L\u00e4ndern auf.<\/em><\/span><br \/>\n<span style=\"color: #ff00ff;\"><em>Die Republik entscheidet alle Angelegenheiten, die f\u00fcr den Bestand und die Entwicklung des deutschen Volkes in seiner Gesamtheit wesentlich sind; alle \u00fcbrigen Angelegenheiten werden von den L\u00e4ndern selbst\u00e4ndig entschieden.<\/em><\/span><br \/>\n<span style=\"color: #ff00ff;\"><em>Die Entscheidungen der Republik werden grunds\u00e4tzlich von den L\u00e4ndern ausgef\u00fchrt.<\/em><\/span><br \/>\n<span style=\"color: #ff00ff;\"><em>Es gibt nur eine deutsche Staatsangeh\u00f6rigkeit.<\/em><\/span><\/p>\n<blockquote>\n<p style=\"text-align: justify;\" align=\"center\"><span style=\"color: #ff0000;\">Zusatzbemerkung: Was versteht man als Deutschland? Welche deutschen L\u00e4nder sind gemeint, wenn es in der DDR keine L\u00e4nder gab? Warum auf einmal Republik? Welches deutsche Volk in seiner Gesamtheit ist gemeint? Wie k\u00f6nnen L\u00e4nder etwas entscheiden, wenn es keine L\u00e4nder gibt? Was meint man mit eine deutsche Staatsangeh\u00f6rigkeit, gibt es eventuell mehrere deutsche Staatsangeh\u00f6rigkeiten?<\/span><\/p>\n<\/blockquote>\n<hr \/>\n<p align=\"center\"><span style=\"font-size: 14pt;\"><strong>Weimarer Reichsverfassung<\/strong><\/span><\/p>\n<p align=\"center\">Stand 11. August 1919<\/p>\n<p style=\"text-align: justify;\"><strong>Artikel 1. <\/strong>Das Deutsche Reich ist eine Republik. Die Staatsgewalt geht vom Volke aus.<\/p>\n<p style=\"text-align: justify;\" align=\"center\"><strong>Artikel 2. <\/strong>Das Reichsgebiet besteht aus den Gebieten der deutschen L\u00e4nder. Andere Gebiete k\u00f6nnen durch Reichsgesetz in das Reich aufgenommen werden, wenn es ihre Bev\u00f6lkerung kraft des Selbstbestimmungsrechts begehrt.<\/p>\n<blockquote>\n<p style=\"text-align: justify;\" align=\"center\"><span style=\"color: #ff0000;\">Zusatzbemerkung: Noch am 10.08.1919 war es der Nationalstaat Deutschland im Deutschen Reich mit seinen Bundesstaaten! Eine Republik ist kein Nationalstaat in dem es Bundesstaaten geben kann, darum wurden L\u00e4nder daraus gemacht. <em>Was versteht man als deutsche L\u00e4nder? Was meint man mit andere Gebiete? Was will man mit dem Selbstbestimmungsrecht aussagen?<\/em><\/span><\/p>\n<\/blockquote>\n<hr \/>\n<blockquote>\n<p style=\"text-align: justify;\" align=\"center\"><span style=\"color: #800080;\"><strong>Keine der zwei ehemalig verwendeten Verfassungen und das Grundgesetz kann das Staatsgebiet so genau beschreiben wie Artikel 1 der Verfassung des Deutschen Reiches, also eine Verfassung die zu keiner Zeit au\u00dfer Kraft gesetzt wurde. Hinzu kommt, da\u00df diese Verfassung durch die beiden Verfassungsorgane Bundesrath und Reichstag beschlossen und in Kraft gesetzt wurden, w\u00e4hrend die Weimarer- und DDR-Verfassung sowie das Grundgesetz nur von fremdgesteuerten Verwaltungen erschaffen und oktroyiert wurden.<\/strong><\/span><\/p>\n<\/blockquote>\n<hr \/>\n<p style=\"text-align: justify;\" align=\"center\"><span style=\"font-size: 14pt; color: #008000;\"><strong>Am 29. Mai 2008 beschlossen 21 Statusdeutsche unter der Leitung von Erhard Lorenz, im Sinne der Erfreiung Deutschlands und im Gegensatz zu allen damaligen Bewegungen oder kommissarischen Reichsregierungen, da\u00df nur die Vollverfassung 1871 die richtige Verfassung ist und da\u00df mit der Wiederbelebung des Bundesrathes (der damals tats\u00e4chliche Souver\u00e4n) das Deutsche Volk wieder in der Lage sein wird, das Deutsche Reich v\u00f6lkerrechtlich und staatsrechtlich handlungsf\u00e4hig einzurichten. Nach diesem Beschlu\u00df wurde jede Ma\u00dfnahme, jeder Beschlu\u00df, jedes Gesetz und jedes Dokument gem\u00e4\u00df den wahren Gesetzen des Deutschen Reichs, zum \u00c4nderungsstand 28. Oktober 1918, legitimiert oder in Kraft gesetzt. <\/strong><\/span><\/p>\n<p style=\"text-align: justify;\" align=\"center\"><span style=\"font-size: 14pt;\"><strong><span style=\"color: #008000;\">Zum 18. April 2018 waren die Vorbereitungen f\u00fcr die wahre Wiedervereinigung &#8222;Deutschland als Ganzes&#8220; abgeschlossen.<\/span> <span style=\"color: #800080;\">Nun mu\u00df das Deutsche Volk handeln!<\/span><\/strong><\/span><\/p>\n<p style=\"text-align: right;\" align=\"center\"><span style=\"color: #008000;\">Herausgegeben vom Bundespr\u00e4sidium am 21. Dezember 2018<\/span><\/p>\n<div><\/div>\n<div>\n<table class=\" aligncenter\" style=\"background-color: #cbcfa9; width: 91.2664%;\">\n<tbody>\n<tr>\n<td style=\"width: 100%;\">\n<blockquote><p><strong><a id=\"Entscheidung\"><\/a>Und wie komme ich nun an die mir zustehende Reichs- und Staatsangeh\u00f6rigkeit?<\/strong><\/p>\n<p>1. Studiere die <a href=\"https:\/\/www.mmgz.de\/Zeitung\/13-schritte\/\">13 Schritte<\/a> solange, bis Du diese zweifelsfrei verstanden hast;<\/p>\n<p style=\"text-align: justify;\">2. Du vertraust uns und besorgst Dir Dokumente, damit Du im Besitz eines Dokumentes bist, das unter dem Hoheitsrecht <a href=\"https:\/\/www.nationalstaat-deutschland.de\/einheit\/\">Deines Heimatstaates<\/a> herausgegeben wurde und die echte deutsche Staatsangeh\u00f6rigkeit nachweist;<\/p>\n<p style=\"text-align: justify;\">3. Mit Erhalt Deines Reichsdokumentes (Ausweis, Urkunde) bist Du gem\u00e4\u00df <a href=\"https:\/\/www.deutscher-reichsanzeiger.de\/rgbl\/personenstandsgesetz-1875-stand-18-08-1896\/\">Personenstandsgesetz<\/a> des wahren Deutschlands im <a href=\"https:\/\/www.bundespraesidium.de\/standesamt\/\">Personenstandsregister<\/a> registriert und bist endlich <a href=\"https:\/\/www.deutscher-reichsanzeiger.de\/rgbl\/rustag-1913\/\">Reichs- und Staatsangeh\u00f6rig<\/a>. Ab diesem Zeitpunkt stehen Dir wieder Rechte zu, die Dir durch dieses System entm\u00fcndigt wurden, wie z.B. Privathaftung durch Sch\u00e4diger, T\u00e4uscher;<\/p>\n<p style=\"text-align: justify;\">4. Bevor Du Dich mit dem \u201cSystem\u201d auseinandersetzt, studiere ich die <a href=\"https:\/\/www.deutscher-reichsanzeiger.de\/rgbl\/Archiv\/\">Gesetze des Deutschen Reiches<\/a>, denn diese gehen den Landesgesetzen (darunter f\u00e4llt auch die BRD,der Bund und die EU) vor, siehe <a href=\"https:\/\/www.verfassung-deutschland.de\/#Artikel2\">Artikel 2 der Reichsverfassung<\/a>.<\/p>\n<p style=\"text-align: justify;\">5. Ben\u00f6tigst Du juristische Hilfe oder eine Beratung, dann wende Dich an ein es unserer <a href=\"https:\/\/www.volks-buero.de\">Volks-B\u00fcros<\/a> oder an die Reichsanwaltschaft unter zentrale@reichsanwalt.de<\/p>\n<\/blockquote>\n<\/td>\n<\/tr>\n<\/tbody>\n<\/table>\n<\/div>\n<p align=\"center\">\n<div class=\"pdfprnt-buttons pdfprnt-buttons-page pdfprnt-top-bottom-right\"><a href=\"https:\/\/www.erhard-lorenz.de\/deutschland\/wp-json\/wp\/v2\/pages\/22?print=pdf\" class=\"pdfprnt-button pdfprnt-button-pdf\" target=\"_blank\" ><\/a><a href=\"https:\/\/www.erhard-lorenz.de\/deutschland\/wp-json\/wp\/v2\/pages\/22?print=print\" class=\"pdfprnt-button pdfprnt-button-print\" target=\"_blank\" ><img decoding=\"async\" src=\"https:\/\/www.erhard-lorenz.de\/deutschland\/wp-content\/plugins\/pdf-print\/images\/print.png\" alt=\"image_print\" title=\"Inhalt drucken\" \/><\/a><\/div>","protected":false},"excerpt":{"rendered":"<p>Nach der Drei-Elemente-Lehre ist der Staat ein soziales Gebilde, dessen konstituierende Merkmale ein von Grenzen umgebenes Territorium (Staatsgebiet), eine darauf [&hellip;]<\/p>\n","protected":false},"author":1,"featured_media":0,"parent":0,"menu_order":0,"comment_status":"closed","ping_status":"closed","template":"","meta":{"footnotes":""},"class_list":["post-22","page","type-page","status-publish","hentry"],"yoast_head":"<!-- This site is optimized with the Yoast SEO plugin v27.3 - https:\/\/yoast.com\/product\/yoast-seo-wordpress\/ -->\n<title>Staatsgebiet - Deutschland als Ganzes oder Nationalstaat Deutschland<\/title>\n<meta name=\"robots\" content=\"index, follow, max-snippet:-1, max-image-preview:large, max-video-preview:-1\" \/>\n<link rel=\"canonical\" href=\"https:\/\/www.erhard-lorenz.de\/deutschland\/staatsgebiet\/\" \/>\n<meta property=\"og:locale\" content=\"de_DE\" \/>\n<meta property=\"og:type\" content=\"article\" \/>\n<meta property=\"og:title\" content=\"Staatsgebiet - Deutschland als Ganzes oder Nationalstaat Deutschland\" \/>\n<meta property=\"og:description\" content=\"Nach der Drei-Elemente-Lehre ist der Staat ein soziales Gebilde, dessen konstituierende Merkmale ein von Grenzen umgebenes Territorium (Staatsgebiet), eine darauf [&hellip;]\" \/>\n<meta property=\"og:url\" content=\"https:\/\/www.erhard-lorenz.de\/deutschland\/staatsgebiet\/\" \/>\n<meta property=\"og:site_name\" content=\"Deutschland als Ganzes oder Nationalstaat Deutschland\" \/>\n<meta property=\"article:modified_time\" content=\"2026-01-14T17:35:15+00:00\" \/>\n<meta name=\"twitter:card\" content=\"summary_large_image\" \/>\n<meta name=\"twitter:label1\" content=\"Gesch\u00e4tzte Lesezeit\" \/>\n\t<meta name=\"twitter:data1\" content=\"5\u00a0Minuten\" \/>\n<script type=\"application\/ld+json\" class=\"yoast-schema-graph\">{\"@context\":\"https:\\\/\\\/schema.org\",\"@graph\":[{\"@type\":\"WebPage\",\"@id\":\"https:\\\/\\\/www.erhard-lorenz.de\\\/deutschland\\\/staatsgebiet\\\/\",\"url\":\"https:\\\/\\\/www.erhard-lorenz.de\\\/deutschland\\\/staatsgebiet\\\/\",\"name\":\"Staatsgebiet - Deutschland als Ganzes oder Nationalstaat Deutschland\",\"isPartOf\":{\"@id\":\"https:\\\/\\\/www.erhard-lorenz.de\\\/deutschland\\\/#website\"},\"datePublished\":\"2018-12-21T20:12:57+00:00\",\"dateModified\":\"2026-01-14T17:35:15+00:00\",\"breadcrumb\":{\"@id\":\"https:\\\/\\\/www.erhard-lorenz.de\\\/deutschland\\\/staatsgebiet\\\/#breadcrumb\"},\"inLanguage\":\"de\",\"potentialAction\":[{\"@type\":\"ReadAction\",\"target\":[\"https:\\\/\\\/www.erhard-lorenz.de\\\/deutschland\\\/staatsgebiet\\\/\"]}]},{\"@type\":\"BreadcrumbList\",\"@id\":\"https:\\\/\\\/www.erhard-lorenz.de\\\/deutschland\\\/staatsgebiet\\\/#breadcrumb\",\"itemListElement\":[{\"@type\":\"ListItem\",\"position\":1,\"name\":\"Startseite\",\"item\":\"https:\\\/\\\/www.erhard-lorenz.de\\\/deutschland\\\/\"},{\"@type\":\"ListItem\",\"position\":2,\"name\":\"Staatsgebiet\"}]},{\"@type\":\"WebSite\",\"@id\":\"https:\\\/\\\/www.erhard-lorenz.de\\\/deutschland\\\/#website\",\"url\":\"https:\\\/\\\/www.erhard-lorenz.de\\\/deutschland\\\/\",\"name\":\"Deutschland als Ganzes oder Nationalstaat Deutschland\",\"description\":\"Deutschland 1871 bis 1918 ab 2008 bis heute\",\"potentialAction\":[{\"@type\":\"SearchAction\",\"target\":{\"@type\":\"EntryPoint\",\"urlTemplate\":\"https:\\\/\\\/www.erhard-lorenz.de\\\/deutschland\\\/?s={search_term_string}\"},\"query-input\":{\"@type\":\"PropertyValueSpecification\",\"valueRequired\":true,\"valueName\":\"search_term_string\"}}],\"inLanguage\":\"de\"}]}<\/script>\n<!-- \/ Yoast SEO plugin. -->","yoast_head_json":{"title":"Staatsgebiet - Deutschland als Ganzes oder Nationalstaat Deutschland","robots":{"index":"index","follow":"follow","max-snippet":"max-snippet:-1","max-image-preview":"max-image-preview:large","max-video-preview":"max-video-preview:-1"},"canonical":"https:\/\/www.erhard-lorenz.de\/deutschland\/staatsgebiet\/","og_locale":"de_DE","og_type":"article","og_title":"Staatsgebiet - Deutschland als Ganzes oder Nationalstaat Deutschland","og_description":"Nach der Drei-Elemente-Lehre ist der Staat ein soziales Gebilde, dessen konstituierende Merkmale ein von Grenzen umgebenes Territorium (Staatsgebiet), eine darauf [&hellip;]","og_url":"https:\/\/www.erhard-lorenz.de\/deutschland\/staatsgebiet\/","og_site_name":"Deutschland als Ganzes oder Nationalstaat Deutschland","article_modified_time":"2026-01-14T17:35:15+00:00","twitter_card":"summary_large_image","twitter_misc":{"Gesch\u00e4tzte Lesezeit":"5\u00a0Minuten"},"schema":{"@context":"https:\/\/schema.org","@graph":[{"@type":"WebPage","@id":"https:\/\/www.erhard-lorenz.de\/deutschland\/staatsgebiet\/","url":"https:\/\/www.erhard-lorenz.de\/deutschland\/staatsgebiet\/","name":"Staatsgebiet - Deutschland als Ganzes oder Nationalstaat Deutschland","isPartOf":{"@id":"https:\/\/www.erhard-lorenz.de\/deutschland\/#website"},"datePublished":"2018-12-21T20:12:57+00:00","dateModified":"2026-01-14T17:35:15+00:00","breadcrumb":{"@id":"https:\/\/www.erhard-lorenz.de\/deutschland\/staatsgebiet\/#breadcrumb"},"inLanguage":"de","potentialAction":[{"@type":"ReadAction","target":["https:\/\/www.erhard-lorenz.de\/deutschland\/staatsgebiet\/"]}]},{"@type":"BreadcrumbList","@id":"https:\/\/www.erhard-lorenz.de\/deutschland\/staatsgebiet\/#breadcrumb","itemListElement":[{"@type":"ListItem","position":1,"name":"Startseite","item":"https:\/\/www.erhard-lorenz.de\/deutschland\/"},{"@type":"ListItem","position":2,"name":"Staatsgebiet"}]},{"@type":"WebSite","@id":"https:\/\/www.erhard-lorenz.de\/deutschland\/#website","url":"https:\/\/www.erhard-lorenz.de\/deutschland\/","name":"Deutschland als Ganzes oder Nationalstaat Deutschland","description":"Deutschland 1871 bis 1918 ab 2008 bis heute","potentialAction":[{"@type":"SearchAction","target":{"@type":"EntryPoint","urlTemplate":"https:\/\/www.erhard-lorenz.de\/deutschland\/?s={search_term_string}"},"query-input":{"@type":"PropertyValueSpecification","valueRequired":true,"valueName":"search_term_string"}}],"inLanguage":"de"}]}},"_links":{"self":[{"href":"https:\/\/www.erhard-lorenz.de\/deutschland\/wp-json\/wp\/v2\/pages\/22","targetHints":{"allow":["GET"]}}],"collection":[{"href":"https:\/\/www.erhard-lorenz.de\/deutschland\/wp-json\/wp\/v2\/pages"}],"about":[{"href":"https:\/\/www.erhard-lorenz.de\/deutschland\/wp-json\/wp\/v2\/types\/page"}],"author":[{"embeddable":true,"href":"https:\/\/www.erhard-lorenz.de\/deutschland\/wp-json\/wp\/v2\/users\/1"}],"replies":[{"embeddable":true,"href":"https:\/\/www.erhard-lorenz.de\/deutschland\/wp-json\/wp\/v2\/comments?post=22"}],"version-history":[{"count":4,"href":"https:\/\/www.erhard-lorenz.de\/deutschland\/wp-json\/wp\/v2\/pages\/22\/revisions"}],"predecessor-version":[{"id":228,"href":"https:\/\/www.erhard-lorenz.de\/deutschland\/wp-json\/wp\/v2\/pages\/22\/revisions\/228"}],"wp:attachment":[{"href":"https:\/\/www.erhard-lorenz.de\/deutschland\/wp-json\/wp\/v2\/media?parent=22"}],"curies":[{"name":"wp","href":"https:\/\/api.w.org\/{rel}","templated":true}]}}